{"id":69,"date":"2026-01-21T18:08:55","date_gmt":"2026-01-21T17:08:55","guid":{"rendered":"https:\/\/krajewskys.czerwinskis.de\/?page_id=69"},"modified":"2026-02-01T19:07:44","modified_gmt":"2026-02-01T18:07:44","slug":"location","status":"publish","type":"page","link":"https:\/\/krajewskys.czerwinskis.de\/index.php\/location\/","title":{"rendered":"Location"},"content":{"rendered":"\n<div class=\"wp-block-group alignfull is-style-section-2 has-global-padding is-content-justification-center is-layout-constrained wp-container-core-group-is-layout-df757ecc wp-block-group-is-layout-constrained is-style-section-2--1\" style=\"margin-top:0;margin-bottom:0;padding-top:calc( 0.5 * var(--wp--style--root--padding-right, var(--wp--custom--gap--horizontal)));padding-right:var(--wp--style--root--padding-right, var(--wp--custom--gap--horizontal));padding-bottom:calc( 0.5 * var(--wp--style--root--padding-right, var(--wp--custom--gap--horizontal)));padding-left:var(--wp--style--root--padding-left, var(--wp--custom--gap--horizontal))\">\n<div style=\"height:calc( 0.25 * var(--wp--style--root--padding-right, var(--wp--custom--gap--horizontal)))\" aria-hidden=\"true\" class=\"wp-block-spacer\"><\/div>\n\n\n\n<div class=\"wp-block-columns alignfull is-layout-flex wp-container-core-columns-is-layout-28f84493 wp-block-columns-is-layout-flex\">\n<div class=\"wp-block-column is-vertically-aligned-top is-layout-flow wp-container-core-column-is-layout-8a368f38 wp-block-column-is-layout-flow\" style=\"flex-basis:100px\"><\/div>\n\n\n\n<div class=\"wp-block-column is-vertically-aligned-top is-layout-flow wp-block-column-is-layout-flow\">\n<figure class=\"wp-block-image aligncenter size-full is-resized\" style=\"margin-right:0;margin-left:0\"><img loading=\"lazy\" decoding=\"async\" width=\"1920\" height=\"1132\" src=\"https:\/\/krajewskys.czerwinskis.de\/wp-content\/uploads\/2026\/01\/BaeddarAengar_logo_beigeutanbakgrun.png\" alt=\"\" class=\"wp-image-167\" style=\"aspect-ratio:1.6960969672142692;width:421px;height:auto\" srcset=\"https:\/\/krajewskys.czerwinskis.de\/wp-content\/uploads\/2026\/01\/BaeddarAengar_logo_beigeutanbakgrun.png 1920w, https:\/\/krajewskys.czerwinskis.de\/wp-content\/uploads\/2026\/01\/BaeddarAengar_logo_beigeutanbakgrun-300x177.png 300w, https:\/\/krajewskys.czerwinskis.de\/wp-content\/uploads\/2026\/01\/BaeddarAengar_logo_beigeutanbakgrun-1024x604.png 1024w, https:\/\/krajewskys.czerwinskis.de\/wp-content\/uploads\/2026\/01\/BaeddarAengar_logo_beigeutanbakgrun-768x453.png 768w, https:\/\/krajewskys.czerwinskis.de\/wp-content\/uploads\/2026\/01\/BaeddarAengar_logo_beigeutanbakgrun-1536x906.png 1536w\" sizes=\"auto, (max-width: 1920px) 100vw, 1920px\" \/><\/figure>\n<\/div>\n\n\n\n<div class=\"wp-block-column is-layout-flow wp-block-column-is-layout-flow\">\n<figure class=\"wp-block-image alignleft size-full is-resized\"><img loading=\"lazy\" decoding=\"async\" width=\"800\" height=\"800\" src=\"https:\/\/krajewskys.czerwinskis.de\/wp-content\/uploads\/2026\/01\/emblem-terracotta-1.png\" alt=\"\" class=\"wp-image-168\" style=\"width:243px;height:auto\" srcset=\"https:\/\/krajewskys.czerwinskis.de\/wp-content\/uploads\/2026\/01\/emblem-terracotta-1.png 800w, https:\/\/krajewskys.czerwinskis.de\/wp-content\/uploads\/2026\/01\/emblem-terracotta-1-300x300.png 300w, https:\/\/krajewskys.czerwinskis.de\/wp-content\/uploads\/2026\/01\/emblem-terracotta-1-150x150.png 150w, https:\/\/krajewskys.czerwinskis.de\/wp-content\/uploads\/2026\/01\/emblem-terracotta-1-768x768.png 768w\" sizes=\"auto, (max-width: 800px) 100vw, 800px\" \/><\/figure>\n<\/div>\n<\/div>\n\n\n\n<div style=\"height:calc( 0.25 * var(--wp--style--root--padding-right, var(--wp--custom--gap--horizontal)))\" aria-hidden=\"true\" class=\"wp-block-spacer\"><\/div>\n<\/div>\n\n\n\n<div class=\"wp-block-group alignfull is-style-section-1 has-global-padding is-content-justification-center is-layout-constrained wp-container-core-group-is-layout-df757ecc wp-block-group-is-layout-constrained is-style-section-1--2\" style=\"margin-top:0;margin-bottom:0;padding-top:calc( 0.5 * var(--wp--style--root--padding-right, var(--wp--custom--gap--horizontal)));padding-right:var(--wp--style--root--padding-right, var(--wp--custom--gap--horizontal));padding-bottom:calc( 0.5 * var(--wp--style--root--padding-right, var(--wp--custom--gap--horizontal)));padding-left:var(--wp--style--root--padding-left, var(--wp--custom--gap--horizontal))\">\n<div style=\"height:calc( 0.25 * var(--wp--style--root--padding-right, var(--wp--custom--gap--horizontal)))\" aria-hidden=\"true\" class=\"wp-block-spacer\"><\/div>\n\n\n\n<div class=\"wp-block-columns alignwide are-vertically-aligned-center is-layout-flex wp-container-core-columns-is-layout-28f84493 wp-block-columns-is-layout-flex\">\n<div class=\"wp-block-column is-vertically-aligned-center is-layout-flow wp-block-column-is-layout-flow\">\n<h2 class=\"wp-block-heading alignwide has-theme-4-color has-text-color has-link-color wp-elements-420982e2d364d5553b18849e490cdbc9\">Ladan<\/h2>\n\n\n\n<p class=\"has-text-align-left has-theme-4-color has-text-color has-link-color wp-elements-203641502c349e3b4ad1b69ba10e7f03\">Wir feiern unsere Hochzeit mit euch in dieser wundersch\u00f6nen Scheune mit Blick auf die umliegenden Felder.<\/p>\n\n\n\n<div class=\"wp-block-columns is-style-section-1 is-layout-flex wp-container-core-columns-is-layout-28f84493 wp-block-columns-is-layout-flex is-style-section-1--3\">\n<div class=\"wp-block-column is-layout-flow wp-block-column-is-layout-flow\" style=\"flex-basis:100%\">\n<div class=\"wp-block-group has-global-padding is-layout-constrained wp-block-group-is-layout-constrained\">\n<div class=\"wp-block-columns is-layout-flex wp-container-core-columns-is-layout-28f84493 wp-block-columns-is-layout-flex\">\n<div class=\"wp-block-column is-layout-flow wp-block-column-is-layout-flow\" style=\"flex-basis:100%\"><\/div>\n<\/div>\n<\/div>\n<\/div>\n<\/div>\n<\/div>\n\n\n\n<div class=\"wp-block-column is-vertically-aligned-center is-layout-flow wp-block-column-is-layout-flow\">\n<figure class=\"wp-block-image aligncenter size-full is-style-default wp-duotone-unset-4\"><img loading=\"lazy\" decoding=\"async\" width=\"1920\" height=\"2560\" src=\"https:\/\/krajewskys.czerwinskis.de\/wp-content\/uploads\/2026\/01\/IMG_4250-scaled-1.jpg\" alt=\"\" class=\"wp-image-101\" style=\"aspect-ratio:3\/4;object-fit:cover\" srcset=\"https:\/\/krajewskys.czerwinskis.de\/wp-content\/uploads\/2026\/01\/IMG_4250-scaled-1.jpg 1920w, https:\/\/krajewskys.czerwinskis.de\/wp-content\/uploads\/2026\/01\/IMG_4250-scaled-1-225x300.jpg 225w, https:\/\/krajewskys.czerwinskis.de\/wp-content\/uploads\/2026\/01\/IMG_4250-scaled-1-768x1024.jpg 768w, https:\/\/krajewskys.czerwinskis.de\/wp-content\/uploads\/2026\/01\/IMG_4250-scaled-1-1152x1536.jpg 1152w, https:\/\/krajewskys.czerwinskis.de\/wp-content\/uploads\/2026\/01\/IMG_4250-scaled-1-1536x2048.jpg 1536w\" sizes=\"auto, (max-width: 1920px) 100vw, 1920px\" \/><\/figure>\n<\/div>\n<\/div>\n\n\n\n<div class=\"wp-block-media-text alignwide is-stacked-on-mobile is-vertically-aligned-center\"><figure class=\"wp-block-media-text__media\"><img loading=\"lazy\" decoding=\"async\" width=\"1024\" height=\"1024\" src=\"https:\/\/krajewskys.czerwinskis.de\/wp-content\/uploads\/2026\/01\/rum-pa-oesterlen-1024x1024.jpg\" alt=\"Test\n\" class=\"wp-image-165 size-full\" srcset=\"https:\/\/krajewskys.czerwinskis.de\/wp-content\/uploads\/2026\/01\/rum-pa-oesterlen-1024x1024.jpg 1024w, https:\/\/krajewskys.czerwinskis.de\/wp-content\/uploads\/2026\/01\/rum-pa-oesterlen-300x300.jpg 300w, https:\/\/krajewskys.czerwinskis.de\/wp-content\/uploads\/2026\/01\/rum-pa-oesterlen-150x150.jpg 150w, https:\/\/krajewskys.czerwinskis.de\/wp-content\/uploads\/2026\/01\/rum-pa-oesterlen-768x768.jpg 768w, https:\/\/krajewskys.czerwinskis.de\/wp-content\/uploads\/2026\/01\/rum-pa-oesterlen.jpg 1080w\" sizes=\"auto, (max-width: 1024px) 100vw, 1024px\" \/><\/figure><div class=\"wp-block-media-text__content\">\n<h2 class=\"wp-block-heading alignwide has-theme-4-color has-text-color has-link-color wp-elements-2acd3c28934175b45e01eae4b852ab7c\">Die R\u00e4ume<\/h2>\n\n\n\n<p class=\"has-theme-4-color has-text-color has-link-color wp-elements-e6989d97f87e0d9f2a91cd282f80e4d7\">Klickt auf euren Namen und ihr landet direkt in eurem ausgew\u00e4hlten Zimmer.<\/p>\n\n\n\n<div class=\"wp-block-columns are-vertically-aligned-top is-style-default is-layout-flex wp-container-core-columns-is-layout-28f84493 wp-block-columns-is-layout-flex\">\n<div class=\"wp-block-column is-vertically-aligned-top is-style-section-1 is-layout-flow wp-block-column-is-layout-flow is-style-section-1--5\" style=\"flex-basis:100%\">\n<div class=\"wp-block-buttons is-vertical is-layout-flex wp-container-core-buttons-is-layout-19c44385 wp-block-buttons-is-layout-flex\">\n<div class=\"wp-block-button is-style-outline is-style-outline--6\"><a class=\"wp-block-button__link has-theme-4-color has-theme-3-background-color has-text-color has-background has-link-color wp-element-button\" href=\"https:\/\/b\u00e4ddaro\u00e4ngar.se\/gardshuset\/\" style=\"border-style:none;border-width:0px;border-top-left-radius:0px;border-top-right-radius:0px;border-bottom-left-radius:0px;border-bottom-right-radius:0px;padding-top:0;padding-right:0;padding-bottom:0;padding-left:0\">MAnon &amp; OLli &amp; Luna &amp; EMil<\/a><\/div>\n\n\n\n<div class=\"wp-block-button is-style-outline is-style-outline--7\"><a class=\"wp-block-button__link has-theme-4-color has-text-color has-link-color wp-element-button\" href=\"https:\/\/b\u00e4ddaro\u00e4ngar.se\/rum-1\/\" style=\"border-style:none;border-width:0px;border-top-left-radius:0px;border-top-right-radius:0px;border-bottom-left-radius:0px;border-bottom-right-radius:0px;padding-top:0;padding-right:0;padding-bottom:0;padding-left:0\">Jonas &amp; Katharina &amp; Selma<\/a><\/div>\n\n\n\n<div class=\"wp-block-button is-style-outline is-style-outline--8\"><a class=\"wp-block-button__link has-theme-4-color has-text-color has-link-color wp-element-button\" href=\"https:\/\/b\u00e4ddaro\u00e4ngar.se\/rum-2-2\/\" style=\"border-style:none;border-width:0px;border-top-left-radius:0px;border-top-right-radius:0px;border-bottom-left-radius:0px;border-bottom-right-radius:0px;padding-top:0;padding-right:0;padding-bottom:0;padding-left:0\">Karla &amp; Sami<\/a><\/div>\n\n\n\n<div class=\"wp-block-button is-style-outline is-style-outline--9\"><a class=\"wp-block-button__link has-theme-4-color has-text-color has-link-color wp-element-button\" href=\"https:\/\/b\u00e4ddaro\u00e4ngar.se\/rum-3\/\" style=\"border-style:none;border-width:0px;border-top-left-radius:0px;border-top-right-radius:0px;border-bottom-left-radius:0px;border-bottom-right-radius:0px;padding-top:0;padding-right:0;padding-bottom:0;padding-left:0\">Lennart &amp; Antonia<\/a><\/div>\n\n\n\n<div class=\"wp-block-button is-style-outline is-style-outline--10\"><a class=\"wp-block-button__link has-theme-4-color has-text-color has-link-color has-text-align-left wp-element-button\" href=\"https:\/\/b\u00e4ddaro\u00e4ngar.se\/rum-4\/\" style=\"border-style:none;border-width:0px;border-top-left-radius:0px;border-top-right-radius:0px;border-bottom-left-radius:0px;border-bottom-right-radius:0px;padding-top:0;padding-right:0;padding-bottom:0;padding-left:0\">Merit &amp; Insa<\/a><\/div>\n\n\n\n<div class=\"wp-block-button is-style-outline is-style-outline--11\"><a class=\"wp-block-button__link has-theme-4-color has-text-color has-link-color wp-element-button\" href=\"https:\/\/b\u00e4ddaro\u00e4ngar.se\/rum-5\/\" style=\"border-style:none;border-width:0px;border-top-left-radius:0px;border-top-right-radius:0px;border-bottom-left-radius:0px;border-bottom-right-radius:0px;padding-top:0;padding-right:0;padding-bottom:0;padding-left:0\">Paula &amp; Matt<\/a><\/div>\n\n\n\n<div class=\"wp-block-button is-style-outline is-style-outline--12\"><a class=\"wp-block-button__link has-theme-4-color has-text-color has-link-color wp-element-button\" href=\"https:\/\/b\u00e4ddaro\u00e4ngar.se\/rum-6\/\" style=\"border-style:none;border-width:0px;border-top-left-radius:0px;border-top-right-radius:0px;border-bottom-left-radius:0px;border-bottom-right-radius:0px;padding-top:0;padding-right:0;padding-bottom:0;padding-left:0\">Monika &amp; Peter<\/a><\/div>\n\n\n\n<div class=\"wp-block-button is-style-outline is-style-outline--13\"><a class=\"wp-block-button__link has-theme-4-color has-text-color has-link-color wp-element-button\" href=\"https:\/\/b\u00e4ddaro\u00e4ngar.se\/rum-7\/\" style=\"border-style:none;border-width:0px;border-top-left-radius:0px;border-top-right-radius:0px;border-bottom-left-radius:0px;border-bottom-right-radius:0px;padding-top:0;padding-right:0;padding-bottom:0;padding-left:0\">Wiltrud &amp; Heiko<\/a><\/div>\n\n\n\n<div class=\"wp-block-button is-style-outline is-style-outline--14\"><a class=\"wp-block-button__link has-theme-4-color has-text-color has-link-color wp-element-button\" href=\"https:\/\/b\u00e4ddaro\u00e4ngar.se\/rum-8\/\" style=\"border-style:none;border-width:0px;border-top-left-radius:0px;border-top-right-radius:0px;border-bottom-left-radius:0px;border-bottom-right-radius:0px;padding-top:0;padding-right:0;padding-bottom:0;padding-left:0\">Robin<\/a><\/div>\n\n\n\n<div class=\"wp-block-button is-style-outline is-style-outline--15\"><a class=\"wp-block-button__link has-theme-4-color has-text-color has-link-color wp-element-button\" href=\"https:\/\/b\u00e4ddaro\u00e4ngar.se\/rum-9\/\" style=\"border-style:none;border-width:0px;border-top-left-radius:0px;border-top-right-radius:0px;border-bottom-left-radius:0px;border-bottom-right-radius:0px;padding-top:0;padding-right:0;padding-bottom:0;padding-left:0\">Jonah &amp; Ruth<\/a><\/div>\n\n\n\n<div class=\"wp-block-button is-style-outline is-style-outline--16\"><a class=\"wp-block-button__link has-theme-4-color has-text-color has-link-color wp-element-button\" href=\"https:\/\/b\u00e4ddaro\u00e4ngar.se\/rum-10\/\" style=\"border-style:none;border-width:0px;border-top-left-radius:0px;border-top-right-radius:0px;border-bottom-left-radius:0px;border-bottom-right-radius:0px;padding-top:0;padding-right:0;padding-bottom:0;padding-left:0\">Rouven &amp; Marie<\/a><\/div>\n<\/div>\n<\/div>\n<\/div>\n<\/div><\/div>\n<\/div>\n\n\n\n<div class=\"wp-block-group alignfull is-style-section-2 has-global-padding is-content-justification-center is-layout-constrained wp-container-core-group-is-layout-df757ecc wp-block-group-is-layout-constrained is-style-section-2--17\" style=\"margin-top:0;margin-bottom:0;padding-top:calc( 0.5 * var(--wp--style--root--padding-right, var(--wp--custom--gap--horizontal)));padding-right:var(--wp--style--root--padding-right, var(--wp--custom--gap--horizontal));padding-bottom:calc( 0.5 * var(--wp--style--root--padding-right, var(--wp--custom--gap--horizontal)));padding-left:var(--wp--style--root--padding-left, var(--wp--custom--gap--horizontal))\">\n<div style=\"height:calc( 0.25 * var(--wp--style--root--padding-right, var(--wp--custom--gap--horizontal)))\" aria-hidden=\"true\" class=\"wp-block-spacer\"><\/div>\n\n\n\n<div class=\"wp-block-columns alignwide are-vertically-aligned-center is-layout-flex wp-container-core-columns-is-layout-28f84493 wp-block-columns-is-layout-flex\">\n<div class=\"wp-block-column is-vertically-aligned-center is-layout-flow wp-block-column-is-layout-flow\">\t\t<div\n            id=\"wpmapblock_0ddaa768\"\n            data-settings='{&quot;map_marker&quot;:[{&quot;id&quot;:&quot;0&quot;,&quot;lat&quot;:&quot;55.5884786&quot;,&quot;lng&quot;:&quot;13.9799718&quot;,&quot;title&quot;:&quot;B\\u00e4dder \\u0026amp; \\u00c4nger&quot;,&quot;content&quot;:&quot;Unsere Hochzeitslocation&quot;,&quot;iconType&quot;:&quot;custom&quot;,&quot;customIconUrl&quot;:&quot;https:\\\/\\\/krajewskys.czerwinskis.de\\\/wp-content\\\/uploads\\\/2026\\\/01\\\/826D5658-076A-480F-94B8-B0719E012F37.png&quot;,&quot;customIconWidth&quot;:&quot;40&quot;,&quot;customIconHeight&quot;:&quot;40&quot;},{&quot;id&quot;:&quot;1&quot;,&quot;lat&quot;:&quot;55.5877522&quot;,&quot;lng&quot;:&quot;12.9290611&quot;,&quot;title&quot;:&quot;Zuhause&quot;,&quot;content&quot;:&quot;&quot;,&quot;iconType&quot;:&quot;custom&quot;,&quot;customIconUrl&quot;:&quot;https:\\\/\\\/krajewskys.czerwinskis.de\\\/wp-content\\\/uploads\\\/2026\\\/01\\\/house_3661280.png&quot;,&quot;customIconWidth&quot;:&quot;30&quot;,&quot;customIconHeight&quot;:&quot;30&quot;},{&quot;id&quot;:&quot;2&quot;,&quot;lat&quot;:&quot;56.5321379&quot;,&quot;lng&quot;:&quot;13.0854957&quot;,&quot;title&quot;:&quot;Ferienhaus nach der Hochzeit&quot;,&quot;content&quot;:&quot;&quot;,&quot;iconType&quot;:&quot;custom&quot;,&quot;customIconUrl&quot;:&quot;https:\\\/\\\/krajewskys.czerwinskis.de\\\/wp-content\\\/uploads\\\/2026\\\/02\\\/ChatGPT-Image-1.-Feb.-2026-14_26_36.png&quot;,&quot;customIconWidth&quot;:&quot;40&quot;,&quot;customIconHeight&quot;:&quot;40&quot;}],&quot;map_zoom&quot;:10,&quot;scroll_wheel_zoom&quot;:&quot;1&quot;,&quot;map_type&quot;:&quot;OSM&quot;,&quot;center_index&quot;:0}'\n            class=\"wpmapblockrender\"\n            style=\"\n\t\t\twidth: 100%;\n\t\t\theight: 500px;\n\t\t\"\n            >\n        <\/div>\n        <\/div>\n\n\n\n<div class=\"wp-block-column is-vertically-aligned-center is-layout-flow wp-block-column-is-layout-flow\">\n<h2 class=\"wp-block-heading alignwide\">B\u00e4ddar &amp; \u00c4ngar<\/h2>\n\n\n\n<p>Gamlegard Ever\u00f6d<br>27393 Tomelilla<br><br>Hier findet ihr den Standort unserer Wohnung in Malm\u00f6, unsere Hochzeitslocation und das Airbnb, in dem wir gemeinsam Midsommar feiern werden. Von Malm\u00f6 aus erreicht ihr die Location in rund einer Stunde mit dem Auto.<\/p>\n<\/div>\n<\/div>\n\n\n\n<div style=\"height:calc( 0.25 * var(--wp--style--root--padding-right, var(--wp--custom--gap--horizontal)))\" aria-hidden=\"true\" class=\"wp-block-spacer\"><\/div>\n\n\n\n<p><\/p>\n<\/div>\n","protected":false},"excerpt":{"rendered":"<p>Ladan Wir feiern unsere Hochzeit mit euch in dieser wundersch\u00f6nen Scheune mit Blick auf die umliegenden Felder. Die R\u00e4ume Klickt auf euren Namen und ihr landet direkt in eurem ausgew\u00e4hlten Zimmer. B\u00e4ddar &amp; \u00c4ngar Gamlegard Ever\u00f6d27393 Tomelilla Hier findet ihr den Standort unserer Wohnung in Malm\u00f6, unsere Hochzeitslocation und das Airbnb, in dem wir gemeinsam [&hellip;]<\/p>\n","protected":false},"author":2,"featured_media":0,"parent":0,"menu_order":0,"comment_status":"closed","ping_status":"closed","template":"page-no-title","meta":{"footnotes":""},"class_list":["post-69","page","type-page","status-publish","hentry"],"_links":{"self":[{"href":"https:\/\/krajewskys.czerwinskis.de\/index.php\/wp-json\/wp\/v2\/pages\/69","targetHints":{"allow":["GET"]}}],"collection":[{"href":"https:\/\/krajewskys.czerwinskis.de\/index.php\/wp-json\/wp\/v2\/pages"}],"about":[{"href":"https:\/\/krajewskys.czerwinskis.de\/index.php\/wp-json\/wp\/v2\/types\/page"}],"author":[{"embeddable":true,"href":"https:\/\/krajewskys.czerwinskis.de\/index.php\/wp-json\/wp\/v2\/users\/2"}],"replies":[{"embeddable":true,"href":"https:\/\/krajewskys.czerwinskis.de\/index.php\/wp-json\/wp\/v2\/comments?post=69"}],"version-history":[{"count":31,"href":"https:\/\/krajewskys.czerwinskis.de\/index.php\/wp-json\/wp\/v2\/pages\/69\/revisions"}],"predecessor-version":[{"id":318,"href":"https:\/\/krajewskys.czerwinskis.de\/index.php\/wp-json\/wp\/v2\/pages\/69\/revisions\/318"}],"wp:attachment":[{"href":"https:\/\/krajewskys.czerwinskis.de\/index.php\/wp-json\/wp\/v2\/media?parent=69"}],"curies":[{"name":"wp","href":"https:\/\/api.w.org\/{rel}","templated":true}]}}